{"id":5043,"date":"2018-01-12T09:42:15","date_gmt":"2018-01-12T08:42:15","guid":{"rendered":"http:\/\/osfm-splet.splet.arnes.si\/?page_id=5043"},"modified":"2018-02-16T10:52:39","modified_gmt":"2018-02-16T09:52:39","slug":"sio-2020","status":"publish","type":"page","link":"https:\/\/osfm-splet.splet.arnes.si\/?page_id=5043","title":{"rendered":"SIO-2020"},"content":{"rendered":"<p>V letu 2017 je Arnes za\u010del z izvajanjem \u0161tiriletnega Programa nadaljnje vzpostavitve IKT infrastrukture v vzgoji in izobra\u017eevanju, ki se kraj\u0161e imenuje Slovensko izobra\u017eevalno omre\u017eje \u2013 2020 oz. SIO-2020.<br \/>\nProgram se bo izvajal skozi tri medsebojno povezane dejavnosti: izgradnja brez\u017ei\u010dnih omre\u017eij, nakup nove opreme, razvoj e-storitev in e-vsebin. Novice in podrobnosti o programu lahko spremljate<a href=\"https:\/\/www.arnes.si\/sio-2020\/\" target=\"_blank\"> tukaj<\/a>.<!-- End wp_head() --><\/p>\n<div id=\"page\" class=\"hfeed site domov\">\n<div id=\"main\" class=\"row\">\n<div id=\"primary\" class=\"site-content nine columns not-home single\">\n<div id=\"content\">\n<div class=\"posts domov\">\n<article id=\"post-20859\" class=\"post-20859 post type-post status-publish format-standard has-post-thumbnail hentry category-podpora category-projekti category-razpisi tag-arnes tag-internet tag-projekt tag-projekti-2 tag-racunalnistvo tag-razpis tag-splet\">\n<div class=\"entry-content\">\n<p>Cilj programa je pove\u010dati dostop do brez\u017ei\u010dnega omre\u017eja v vseh slovenskih vzgojno-izobra\u017eevalnih zavodih (osnovne in srednje \u0161ole) s treh na sto odstotkov, okrepiti stopnjo uporabe IKT pri pouku in\u00a0 posredno zagotoviti kakovostnej\u0161e izobra\u017eevanje ter dolgoro\u010dno zagotoviti bolj\u0161e zaposlitvene mo\u017enosti u\u010dencev in dijakov.<\/p>\n<\/div>\n<\/article>\n<\/div>\n<\/div>\n<\/div>\n<\/div>\n<\/div>\n","protected":false},"excerpt":{"rendered":"<p>V letu 2017 je Arnes za\u010del z izvajanjem \u0161tiriletnega Programa nadaljnje vzpostavitve IKT infrastrukture v vzgoji in izobra\u017eevanju, ki se kraj\u0161e imenuje Slovensko izobra\u017eevalno omre\u017eje \u2013 2020 oz. SIO-2020. Program se bo izvajal skozi tri medsebojno povezane dejavnosti: izgradnja brez\u017ei\u010dnih omre\u017eij, nakup nove opreme, razvoj e-storitev in e-vsebin. Novice in podrobnosti o programu lahko spremljate [&hellip;]<\/p>\n","protected":false},"author":4407,"featured_media":0,"parent":0,"menu_order":0,"comment_status":"closed","ping_status":"closed","template":"","meta":{"_et_pb_use_builder":"","_et_pb_old_content":"","_et_gb_content_width":"","ngg_post_thumbnail":0,"footnotes":"","_expiration-date-status":"saved","_expiration-date":0,"_expiration-date-type":"","_expiration-date-categories":[],"_expiration-date-options":[]},"class_list":["post-5043","page","type-page","status-publish","hentry"],"_links":{"self":[{"href":"https:\/\/osfm-splet.splet.arnes.si\/index.php?rest_route=\/wp\/v2\/pages\/5043","targetHints":{"allow":["GET"]}}],"collection":[{"href":"https:\/\/osfm-splet.splet.arnes.si\/index.php?rest_route=\/wp\/v2\/pages"}],"about":[{"href":"https:\/\/osfm-splet.splet.arnes.si\/index.php?rest_route=\/wp\/v2\/types\/page"}],"author":[{"embeddable":true,"href":"https:\/\/osfm-splet.splet.arnes.si\/index.php?rest_route=\/wp\/v2\/users\/4407"}],"replies":[{"embeddable":true,"href":"https:\/\/osfm-splet.splet.arnes.si\/index.php?rest_route=%2Fwp%2Fv2%2Fcomments&post=5043"}],"version-history":[{"count":5,"href":"https:\/\/osfm-splet.splet.arnes.si\/index.php?rest_route=\/wp\/v2\/pages\/5043\/revisions"}],"predecessor-version":[{"id":5383,"href":"https:\/\/osfm-splet.splet.arnes.si\/index.php?rest_route=\/wp\/v2\/pages\/5043\/revisions\/5383"}],"wp:attachment":[{"href":"https:\/\/osfm-splet.splet.arnes.si\/index.php?rest_route=%2Fwp%2Fv2%2Fmedia&parent=5043"}],"curies":[{"name":"wp","href":"https:\/\/api.w.org\/{rel}","templated":true}]}}